{"id":35,"date":"2023-11-11T12:14:57","date_gmt":"2023-11-11T12:14:57","guid":{"rendered":"http:\/\/compunegocios.com.pe\/index.php\/product\/impresora-multifuncional-canon-g7010-adf-lan-wifi\/"},"modified":"2025-10-03T22:49:15","modified_gmt":"2025-10-03T22:49:15","slug":"impresora-multifuncional-canon-g7010-adf-lan-wifi","status":"publish","type":"product","link":"https:\/\/tmp.compunegocios.com.pe\/index.php\/product\/impresora-multifuncional-canon-g7010-adf-lan-wifi\/","title":{"rendered":"IMPRESORA MULTIFUNCIONAL CANON G7010 ADF LAN WIFI"},"content":{"rendered":"<p>Modelo: PIXMA G7010<br \/>\nTecnolog\u00eda de Impresi\u00f3n: Inyecci\u00f3n de tinta<br \/>\nFunciones: Imprime a doble cara, copia, escan\u00e9a, Fax<br \/>\nInterfaz: USB, Wifi, Ethernet<br \/>\nDimensiones: 40.38 x 70.10 x 30.48 cm<br \/>\nIMPRESI\u00d3N:<br \/>\nResoluci\u00f3n: 4800 x 1200 ppp<br \/>\nVelocidad: Negro (13 IPM), Color (6.8 IPM)<br \/>\nCapacidad de hojas: 250 hojas (Casete de papel frontal) , 100 hojas (Bandeja de papel posterior)<br \/>\nSuministro de impresi\u00f3n: Cartuchos de tinta negro\/ cian\/magneta\/amarilla<br \/>\nCOPIADORA:<br \/>\nOpciones de copiado: Alta, Est\u00e1ndar, Econ\u00f3mica<br \/>\nESCANEO:<br \/>\nTipo de esc\u00e1ner: Esc\u00e1ner plano y ADF (Alimentador Autom\u00e1tico de Documentos)<br \/>\nResoluci\u00f3n: 1200 x 2400 ppp (esc\u00e1ner plano), 600 x 600 ppp (ADF)<br \/>\nTama\u00f1o: A4, carta<br \/>\nFAX:<br \/>\nVelocidad de transmisi\u00f3n: Texto (negro (3 sec. por p\u00e1gina), color (1minuto por p\u00e1gina))<\/p>\n","protected":false},"excerpt":{"rendered":"<p>&#8211;<\/p>\n","protected":false},"featured_media":1296,"template":"","meta":[],"pwb-brand":[334],"product_brand":[],"product_cat":[205],"product_tag":[],"class_list":{"0":"post-35","1":"product","2":"type-product","3":"status-publish","4":"has-post-thumbnail","6":"pwb-brand-canon","7":"product_cat-205","9":"first","10":"instock","11":"taxable","12":"shipping-taxable","13":"purchasable","14":"product-type-simple"},"brands":[{"id":334,"name":"Canon","slug":"canon"}],"_links":{"self":[{"href":"https:\/\/tmp.compunegocios.com.pe\/index.php\/wp-json\/wp\/v2\/product\/35","targetHints":{"allow":["GET"]}}],"collection":[{"href":"https:\/\/tmp.compunegocios.com.pe\/index.php\/wp-json\/wp\/v2\/product"}],"about":[{"href":"https:\/\/tmp.compunegocios.com.pe\/index.php\/wp-json\/wp\/v2\/types\/product"}],"wp:featuredmedia":[{"embeddable":true,"href":"https:\/\/tmp.compunegocios.com.pe\/index.php\/wp-json\/wp\/v2\/media\/1296"}],"wp:attachment":[{"href":"https:\/\/tmp.compunegocios.com.pe\/index.php\/wp-json\/wp\/v2\/media?parent=35"}],"wp:term":[{"taxonomy":"pwb-brand","embeddable":true,"href":"https:\/\/tmp.compunegocios.com.pe\/index.php\/wp-json\/wp\/v2\/pwb-brand?post=35"},{"taxonomy":"product_brand","embeddable":true,"href":"https:\/\/tmp.compunegocios.com.pe\/index.php\/wp-json\/wp\/v2\/product_brand?post=35"},{"taxonomy":"product_cat","embeddable":true,"href":"https:\/\/tmp.compunegocios.com.pe\/index.php\/wp-json\/wp\/v2\/product_cat?post=35"},{"taxonomy":"product_tag","embeddable":true,"href":"https:\/\/tmp.compunegocios.com.pe\/index.php\/wp-json\/wp\/v2\/product_tag?post=35"}],"curies":[{"name":"wp","href":"https:\/\/api.w.org\/{rel}","templated":true}]}}