{"id":450,"date":"2023-11-11T19:12:38","date_gmt":"2023-11-11T19:12:38","guid":{"rendered":"http:\/\/compunegocios.com.pe\/index.php\/product\/laptop-chuwi-c10765-gemibook-intel-celeron-j4115-2-50-ghz-ram-12gb-ssd-256gb-pantalla-13-qhd28801800-ips-win-10-home\/"},"modified":"2025-08-19T17:04:03","modified_gmt":"2025-08-19T17:04:03","slug":"laptop-chuwi-c10765-gemibook-intel-celeron-j4115-2-50-ghz-ram-12gb-ssd-256gb-pantalla-13-qhd28801800-ips-win-10-home","status":"publish","type":"product","link":"https:\/\/tmp.compunegocios.com.pe\/index.php\/product\/laptop-chuwi-c10765-gemibook-intel-celeron-j4115-2-50-ghz-ram-12gb-ssd-256gb-pantalla-13-qhd28801800-ips-win-10-home\/","title":{"rendered":"LAPTOP CHUWI HEROBOOK PRO+ INTEL CELERON N3450 8GB SSD 256 GB PANTALLA 13.3 IPS(3200X1800) WIN10"},"content":{"rendered":"<p>LAPTOP CHUWI HEROBOOK PRO+ INTEL CELERON N3450 1.5GHZ 8GB SSD 256 GB PANTALLA 13.3 WIN10 C\u00e1mara Web S\u00ed Unidad de estado s\u00f3lido SSD 256GB Duraci\u00f3n aproximada de la bater\u00eda 6 horas Entradas HDMI 1 Entradas USB 1 Memoria RAM 8GB (RAM + Intel Optane) 8GB PROCESADOR Intel Celeron J3455 Quad Core 1.5GHz \u2013 2.3GHz Profundidad 4 cm RAM expandible No Resoluci\u00f3n de la pantalla Retina (3200\u00d71800) Sistema de audio Altavoces Sistema operativo Windows 10 Tama\u00f1o de la pantalla 13.3 pulgadas Tipo de pantalla LCD Tipo de teclado Incorporado a chasis<\/p>\n","protected":false},"excerpt":{"rendered":"<p>&#8211;<\/p>\n","protected":false},"featured_media":879,"template":"","meta":[],"pwb-brand":[],"product_brand":[],"product_cat":[19],"product_tag":[],"class_list":{"0":"post-450","1":"product","2":"type-product","3":"status-publish","4":"has-post-thumbnail","6":"product_cat-19","8":"first","9":"outofstock","10":"taxable","11":"shipping-taxable","12":"purchasable","13":"product-type-simple"},"brands":[],"_links":{"self":[{"href":"https:\/\/tmp.compunegocios.com.pe\/index.php\/wp-json\/wp\/v2\/product\/450","targetHints":{"allow":["GET"]}}],"collection":[{"href":"https:\/\/tmp.compunegocios.com.pe\/index.php\/wp-json\/wp\/v2\/product"}],"about":[{"href":"https:\/\/tmp.compunegocios.com.pe\/index.php\/wp-json\/wp\/v2\/types\/product"}],"wp:featuredmedia":[{"embeddable":true,"href":"https:\/\/tmp.compunegocios.com.pe\/index.php\/wp-json\/wp\/v2\/media\/879"}],"wp:attachment":[{"href":"https:\/\/tmp.compunegocios.com.pe\/index.php\/wp-json\/wp\/v2\/media?parent=450"}],"wp:term":[{"taxonomy":"pwb-brand","embeddable":true,"href":"https:\/\/tmp.compunegocios.com.pe\/index.php\/wp-json\/wp\/v2\/pwb-brand?post=450"},{"taxonomy":"product_brand","embeddable":true,"href":"https:\/\/tmp.compunegocios.com.pe\/index.php\/wp-json\/wp\/v2\/product_brand?post=450"},{"taxonomy":"product_cat","embeddable":true,"href":"https:\/\/tmp.compunegocios.com.pe\/index.php\/wp-json\/wp\/v2\/product_cat?post=450"},{"taxonomy":"product_tag","embeddable":true,"href":"https:\/\/tmp.compunegocios.com.pe\/index.php\/wp-json\/wp\/v2\/product_tag?post=450"}],"curies":[{"name":"wp","href":"https:\/\/api.w.org\/{rel}","templated":true}]}}